. Let m(j) = -2*j**2 + 13*j - 11. Let l be m(5). Suppose 2 + 2 = -l*a. What is the tens digit of u(a)?
3
Let n be ((-10)/(-4))/(27/(-26) - -1). What is the units digit of (n/26)/((-1)/6)?
5
Let z = 201 + -202. Let d(t) = -35*t + 1. Let w(k) = -69*k + 2. Let i(v) = 5*d(v) - 2*w(v). What is the tens digit of i(z)?
3
Let a(f) = 3*f + 19. Let v be a(-7). What is the units digit of 59 - 0/(0 + v)?
9
Let p(k) = 3*k**2 + 6*k - 6. Let l = 57 + -64. What is the tens digit of p(l)?
9
Let t = 19 - 8. Let c(q) = 5*q**2 + 11. Let r be c(t). What is the tens digit of 3/((-6)/r*-4)?
7
Let q = 341 + 443. What is the hundreds digit of q?
7
Let t be ((-10)/(-7))/((-20)/(-70)). Suppose -t = -2*c - 3. What is the units digit of (-3 - c) + 0 - -20?
6
Let x be 50/15*6/5. Suppose -3*n = -464 - 292. Suppose -n = -x*y - 0*y. What is the tens digit of y?
6
Let k = -1069 + 2025. What is the tens digit of k?
5
Let u be 3/(-2)*2*59. What is the tens digit of (2/(-6))/(1/u)?
5
Let g = 1457 + -295. What is the thousands digit of g?
1
Let x be -2 + 0 - (10 + -5). Let b(u) = u**3 + 8*u**2 + 5*u - 10. Let k be b(x). What is the units digit of k/18 + (-1683)/(-81)?
1
Suppose -52*j = -49*j - 4665. What is the hundreds digit of j?
5
Suppose 2933 = 52*c - 45*c. What is the hundreds digit of c?
4
What is the hundreds digit of 28/4 + (-10 - -262)?
2
Let l = -505 - -842. What is the hundreds digit of l?
3
Suppose k - 4*k - 3*w = 0, -3*w = k + 6. Suppose -17 = -2*n + 3*x, 0 = -n + k*n + 5*x + 23. Suppose 4 - n = u. What is the units digit of u?
3
Let s(m) = 2*m**3 + 13*m**2 + 3*m + 2. Suppose -32*n = -36*n + 12. Let a be -2 + n*2/(-2). What is the tens digit of s(a)?
6
Let l(v) = -4*v**2 + 4*v - 2. Let w be l(6). Let b = 179 + w. Suppose -5*f + b + 93 = 0. What is the tens digit of f?
3
Let h be (-2 - 1) + -21 + 29. Suppose 2*z - 2*n = 172, -h*n = z - 10*n - 78. What is the tens digit of z?
8
Suppose 4*b - 56 = 4*d - 0*d, 12 = 3*d. Let z be (1 + 108/(-8))*2. What is the units digit of z/(-3) - 6/b?
8
Suppose 6 = 10*j - 4. Let q(w) = 182*w - 1. What is the tens digit of q(j)?
8
Let w = -16 + 59. Let i = 83 - w. What is the units digit of i?
0
Suppose 0 = 4*n + 149 - 2721. What is the tens digit of n?
4
Let n(r) = -4*r - r + 6*r. Let s be n(5). Let u = 14 - s. What is the units digit of u?
9
What is the units digit of 492/10 + 11/(-55)?
9
Let c(h) = 2*h**3 - h**2 + 14*h**2 - 3*h**3 + 2*h**3. Let p be c(-13). Suppose -3*s + p*s = -99. What is the units digit of s?
3
Let s(i) = -4*i - 2. Let m be s(1). What is the units digit of -6*(32/m + 4)?
8
Let p be 18/3 + -3 + 1. Suppose p*b + 4*g = -16, -5*g + 6 = -b + 26. Suppose -30 = -5*o - 3*c, b = -5*o - 4*c + 11 + 19. What is the units digit of o?
6
Suppose 0 = 6*c - 3*c + 4*k - 7, c = -2*k + 1. Suppose -3*f - w + 790 = 0, -124 = -3*f + c*w + 642. What is the tens digit of f?
6
What is the hundreds digit of (-3 + 1)*(-166 + (1 - -2))?
3
Let k be (-4776)/(-9) - 8/12. Suppose -b - b = -k. What is the tens digit of b?
6
Let i = -225 - -321. Suppose -3*p + i = -30. Suppose -3*q + 2*m + 84 = 2*q, p = 3*q + 3*m. What is the tens digit of q?
1
Let g(l) = -l**2 + 8*l - 3. Let q be g(7). Suppose m = 4*k - 702, -q*k - 199 + 889 = 5*m. What is the tens digit of k?
7
Let z(c) = -2*c**3 + 8*c**2 + 3. Let b be z(4). What is the units digit of -1*b/3*-17?
7
Let d = -14 - -8. Suppose 5*t - 30 = 15. Let o = d + t. What is the units digit of o?
3
Let y(u) = -u**2 - 5*u - 1. Let i be y(-3). Suppose -o = 3*o - 472. Suppose o - 8 = i*p. What is the tens digit of p?
2
Let d = -98 - -58. Let s = 5 - d. What is the units digit of s?
5
Let k = -23 + 34. Let j = 5 - k. What is the units digit of ((-15)/j - 0)*8?
0
Let f(m) = -m**3 + 5*m**2 - 2*m + 13. Let a be (-63)/(-14)*8/6. Let n be f(a). Let x = 3 - n. What is the units digit of x?
8
Let f(s) be the second derivative of 7*s**4/12 + 7*s**3/6 - 3*s**2 + 3*s. Let j(v) = v**2 + 1. Let p(x) = f(x) - 6*j(x). What is the tens digit of p(-10)?
1
Let g(b) = 0 + b**2 + 4 + 7*b + 5*b. Let n be g(-12). Suppose -5*s = -n*d + 57, -s = 2*d - 7*d + 45. What is the units digit of d?
8
Let l = 108 + -94. Suppose -18*s + 17*s = -l. What is the tens digit of s?
1
Suppose -y = -2*y - 8. Let j be 3/(12/y) + 2. Suppose -12*o + 17*o - 5 = j. What is the units digit of o?
1
Let r(l) = l**2 - l - 3. Let k be r(3). Suppose -4*a = 4*n - 420, 5*n = -2*a + k*a - 123. What is the hundreds digit of a?
1
Suppose 49158 = -134*s + 143*s. What is the tens digit of s?
6
Suppose -4*l + 640 = 140. What is the units digit of l?
5
Let s(w) = w**3 + 17*w**2 - 11*w - 7. Let o be s(-17). Suppose -15*m - o = -20*m. What is the units digit of m?
6
Let o = 193 + -81. Let r = -50 + o. What is the units digit of r?
2
Let w(u) = -12*u**2 - u - 3. Let l be w(-2). Let z = l + 174. What is the hundreds digit of z?
1
Let k(v) = -v**3 + 8*v**2 + 21*v - 14. Let q be k(10). Let d(c) = -2*c + 3 - 2*c**2 + c + c**3 + 7*c**2. What is the tens digit of d(q)?
2
What is the hundreds digit of 20848/56 + 10/(-35)?
3
Let l be 15 + -7 + (-1 - 2). Suppose -l*g + 375 = -115. What is the units digit of g?
8
Let l = -25 + 27. Suppose -l*y = y - 27. Let f(h) = h**3 - 7*h**2 - 13*h + 2. What is the units digit of f(y)?
7
Suppose -77*v + 71*v = -4596. What is the units digit of v?
6
Suppose 4*p + 82 = 302. Suppose 3*y - 2*u - u - 105 = 0, y + 4*u - p = 0. What is the units digit of y?
9
Let u = 24 + -38. Let g = u + 10. What is the tens digit of 30 + 1 + g + -2?
2
Let f = 865 - -593. What is the tens digit of f?
5
Let o = -6 - 4. Let v be 18/(-2) - (13 + o). Let z = v + 58. What is the tens digit of z?
4
Suppose 12 = 21*s - 17*s. Suppose 0 = s*v - t - 89, 2*t = -2*v + 7*t + 68. What is the tens digit of v?
2
Let v(n) be the second derivative of -n**5/20 + 7*n**4/12 + 5*n**3/6 + 5*n**2 + 2*n. What is the tens digit of v(7)?
4
Let h be (0 - (-1)/1)*-3. Let r(m) = -2*m**3 + 2*m**2 + 2. What is the units digit of r(h)?
4
Let s(k) = 3*k**3 - 9*k**2 - 13*k + 64. What is the tens digit of s(9)?
0
Let d(y) = 442*y**3 + y**2 - 2*y + 1. What is the units digit of d(1)?
2
Suppose m + 5*x - 90 = 169, 0 = x + 5. What is the tens digit of m?
8
Suppose -9076 = -10*p + 11644. What is the hundreds digit of p?
0
Suppose 0 = -5*w + 262 + 118. What is the units digit of w?
6
Let b(r) = 20*r**2 - 4*r + 8. Let u(v) = 5*v - 18. Let t be u(4). What is the units digit of b(t)?
0
Let t(w) = 2*w + 3. Let h be t(-2). What is the units digit of 1/((-3)/36*h)?
2
Let x(z) = 42*z**3 + 13*z + 7. What is the thousands digit of x(3)?
1
Let l = -479 + 1410. What is the tens digit of l?
3
Let u = 2 + 8. Let c = -11 + u. What is the tens digit of (3 + -3 + -46)/c?
4
Suppose d + 14 = 4*x, d - 4*d - 10 = -4*x. Suppose -7*a = -x*a - 150. What is the tens digit of a?
5
What is the tens digit of (-31746)/(-77) + 8/(-28)?
1
Suppose -5*x + 2*y + 80 = y, -55 = -5*x - 4*y. What is the units digit of ((-2)/6)/((-5)/x)?
1
Let f = 110 - 17. Let q(a) = 2*a + 13. Let t be q(-5). Suppose t*o - f = -27. What is the tens digit of o?
2
Let g = 8 + -21. Let p = g + -21. Let u = -18 - p. What is the tens digit of u?
1
Let z(o) = o - 6. Let r be z(6). Suppose 2*h - 3*f - 2 = -0*f, 5*h + 3*f - 26 = 0. Suppose r = h*t - 3*t - 20. What is the tens digit of t?
2
Suppose 4*c = -1212 + 3592. What is the hundreds digit of c?
5
Suppose -3*d = 4*f + 7, -6*d + 5*d - 13 = 4*f. Suppose 3*a = -d*q + 5*a - 35, 9 = -q + 2*a. What is the units digit of q/(-3) + (-4)/12?
4
Let p(d) = -d**2 + 18*d - 3. Let l be p(19). Let u = l + 31. Suppose -4*w + u = -39. What is the units digit of w?
2
Suppose d - 7 - 10 = -5*b, 10 = -5*b. What is the tens digit of d?
2
Suppose 0 = -3*a + 2553 - 297. What is the units digit of a?
2
Suppose -y = -9 - 27. Suppose 2*w = -0*w + y. What is the tens digit of 220/w + (-24)/108?
1
Let m(w) = -127*w**3 - w**2 - 3*w - 2. Let v be (-18)/(-63) + (-3)/21*9. What is the tens digit of m(v)?
2
What is the tens digit of (15 - -1)/(3*(-1)/(-15))?
8
What is the tens digit of 6*((-5566)/(-33) + 4)?
3
Let z be (-2)/4 - 9/(-2). Let t be 324/(z/1) + -3. Suppose -4*l + t = -110. What is the units digit of l?
7
Let a be (-19 - -1)*72/(-54). Let h = 62 - a. What is the units digit of h?
8
Suppose -9*i = -10*i + 211. Suppose -q = -2*l + 79, -l - 4